12*f - 25. List the prime factors of g(17).
2, 3, 5
Let p(i) = i**2 - 8*i - 5. Let a be (-5 + 2)*(-4 + 1). List the prime factors of p(a).
2
Suppose 2*c + 4*w = 26, 2*c - w + 2*w - 14 = 0. Let n = 23 + 1. Suppose c*f - n = f. List the prime factors of f.
2, 3
Suppose 0 = 3*k - 2*w - 339, -3*w = 2*k + 144 - 383. Suppose -6*h + h = -k. What are the prime factors of h?
23
Let o be 4/16 - 114/8. List the prime factors of (-1 + 2)*-1 - o.
13
Let d(y) = -5 + 3*y + 2 + 2 + 17*y**2. List the prime factors of d(-2).
61
Let t(v) = v**3 - 2*v**2 - v + 4. Let a be t(3). Let y(f) = f**2 - 10*f + 4. List the prime factors of y(a).
2
Let d(y) = -6*y**2 - 9*y + 4*y**2 - y**2 - 8 + 4*y**2. What are the prime factors of d(12)?
2, 7
Suppose -2*s = -4*b + 16 - 4, 2 = 2*b - 3*s. Suppose b*u - 3 = 3*u. Suppose -u = -3*y + 18. What are the prime factors of y?
7
Let a(w) = 86*w - 1. Let f be a(2). Let x = f + -111. Suppose 4*g = -g + x. List the prime factors of g.
2, 3
Let l = 13 + -9. Suppose -85 = l*h - 245. List the prime factors of h.
2, 5
Let a(q) = 3*q + 7. Let k(m) = 10*m + 22. Let c(h) = 14*a(h) - 4*k(h). List the prime factors of c(9).
2, 7
Suppose -v - v = 2. Let t(k) = 11*k**2 - 1. List the prime factors of t(v).
2, 5
Suppose 68 = 4*s - 0*s. What are the prime factors of s?
17
Suppose -4*q = -114 - 38. What are the prime factors of (-3 - -1)/((-4)/q)?
19
Suppose x = 2*x + q - 3, -4*x - 5*q = -12. List the prime factors of (-4 - (x - 6))*-42.
2, 3, 7
Suppose 6 = 2*n - 0*n. Suppose 3*a - 63 = 6*g - n*g, 2*g - 15 = -a. List the prime factors of a.
19
Let x(a) = 4*a**2 - a - 4. What are the prime factors of x(3)?
29
Let p(o) = -6*o + 4. Suppose 0 = -z + x - 7, 2*z - 5*x + 3 + 20 = 0. What are the prime factors of p(z)?
2, 7
Let l = 1 - -1. Let b be 12*((-3)/l - -2). Suppose -3*i + o = -14, -10 = b*o - o. List the prime factors of i.
2
Let f(x) = -x**3 - 9*x**2 + x + 9. Let h be f(-9). Let y(v) = 13*v - 1. Let k be y(1). Suppose h*w + 2*w - 2*b - k = 0, 4*b = -8. List the prime factors of w.
2
Let y(t) be the first derivative of t**4/4 - 5*t**3/3 + 2*t**2 - t + 2. Let j be y(5). Let f = -7 + j. List the prime factors of f.
2, 3
Let o(l) = l**3 + 6*l**2 - 2*l + 6. Let v be o(-6). Suppose 4*z + 110 = -i, z + 5*i = -0*z - v. Let u = -18 - z. What are the prime factors of u?
2, 5
Suppose -13*b + 8 = -12*b. What are the prime factors of b?
2
Let o(q) = -q + 10. Let j be o(7). Suppose 52 = b + j*b. What are the prime factors of b?
13
Let r(z) = 3*z**3 - 4*z**2 + 3*z - 4. List the prime factors of r(4).
2, 17
Let l = -8 + 11. List the prime factors of l.
3
Let v(h) = h**2 - 13*h + 18. What are the prime factors of v(13)?
2, 3
Let z(p) = p**2 - 1. Let t be z(1). Suppose -2*d - 3*d = t. Suppose m + v + v = 20, d = -4*m + 3*v + 47. What are the prime factors of m?
2, 7
Suppose -3*m + 7 + 44 = 0. Let x = m - 10. Let d = x + -3. What are the prime factors of d?
2
Let m(o) = 3*o**2 + 13*o + 4. List the prime factors of m(-10).
2, 3, 29
Let i = 52 + -80. Let z be 4/(-14) - 64/i. Suppose 2*o - 14 = 4*x, z*o - 5 = -x + 4. What are the prime factors of o?
5
Let i be (-19)/(-7) + (-2)/(-7). Suppose -3*o + 27 = l, 5*l + 60 = -i*o + 207. Suppose l = 5*k - 0*k. List the prime factors of k.
2, 3
Suppose 2*f = -5*o - 0 - 10, 3*f = 0. Let d be (o/5)/((-1)/5). Suppose 3*h + 4*t = 18, -3*t = -2*h + d*t + 12. List the prime factors of h.
2, 3
Suppose 3*y + 240 = 5*q - 2*y, 5*q + 4*y = 258. List the prime factors of q.
2, 5
Suppose 3*g - m = 14 + 110, -25 = -5*m. Suppose 2*v - g = -5*i + 3*v, -v = 4*i - 29. List the prime factors of i.
2
What are the prime factors of (-3 - 0/(-2)) + 44?
41
Let b = -5 - -65. List the prime factors of b.
2, 3, 5
Let p be ((-20)/14)/((-6)/42). Let n be 14/(-10) + 4/p. What are the prime factors of (-1)/1*-1 - n?
2
Let m = -1 + 3. Suppose s - 10 = -4*s. Suppose s*l + m = 6. List the prime factors of l.
2
Let w be ((-2)/(-6))/1*6. Suppose 0*s + w*s = 10. Suppose -3*l + 23 = 2*g, 3*g - s = 7. List the prime factors of l.
5
Let j(b) = -6*b + 3. Let h = 7 + -11. Let k be j(h). Suppose -2*a + k = -0*a - 3*i, 4*i + 1 = a. List the prime factors of a.
3, 7
Let t be (-4)/7 - 1194/(-7). Suppose -5*n + 154 = -3*l, -3*l = 5*n + 2*l - t. List the prime factors of n.
2
Let a = 11 - -32. List the prime factors of a.
43
Let t(h) = h**3 - h**2 + h - 6. Let u be t(0). What are the prime factors of (-6)/5*80/u?
2
Suppose -3*c + 5*j - 4 = c, -2*j + 8 = 0. Suppose -c*n = 1 - 9. Suppose 6 = -n*z + 16. What are the prime factors of z?
5
Let p(u) = u**3 - 10*u**2 + 2*u + 18. List the prime factors of p(11).
7, 23
Suppose a - 2*u - 99 = 0, -4*a + 3*u = -7*a + 297. What are the prime factors of a?
3, 11
Let k(y) = y - 1. Suppose -5*a - 40 = -15. Let o = a + 8. List the prime factors of k(o).
2
Suppose -13 + 43 = t. List the prime factors of t.
2, 3, 5
Suppose 0*f = -f + 3. Suppose -t + 4*m = -3*t + 48, -t = f*m - 20. What are the prime factors of t?
2
Let v = 92 + -57. Let k be (-5 - 105/(-10)) + (-2)/(-4). Suppose -i + k*i = v. List the prime factors of i.
7
Suppose -6*w = -w. Let j = -6 + w. Let r(l) = -l**2 - 9*l - 7. What are the prime factors of r(j)?
11
List the prime factors of 20*(-119)/(-14)*2/4.
5, 17
Suppose -2*o + 74 = 2*s, -4*o - s + 104 + 56 = 0. Suppose 4*a = a + 5*v + 152, -a = 3*v - 74. Let m = a - o. List the prime factors of m.
2, 3
Let l(x) = -14*x**3 - 3*x**2 - 4*x - 3. List the prime factors of l(-2).
3, 5, 7
Suppose 5*z = s + 5 + 15, 0 = 5*z + 5*s - 20. Suppose -20 = -0*p - z*p. List the prime factors of p.
5
Suppose -4*x - 16 = 0, 2*x = -3*m + 7*x + 35. Suppose -j = 5*r - 2*j - 48, 3*r + m*j = 40. List the prime factors of r.
2, 5
Suppose 23*s - 26*s = -288. List the prime factors of s.
2, 3
Let p(g) = g**2 - 3*g - 1. Let s be p(5). Let u(n) = n - 5. What are the prime factors of u(s)?
2
Let m be 9*-1*(-2)/(-3). Let q(d) = d**2 + 5*d - 6. Let n be q(m). Let x(c) = -c**3 + 8. What are the prime factors of x(n)?
2
Suppose -g = g + 10. Suppose -5*q = 4*o + 73, 2*q - 10 + 56 = 4*o. What are the prime factors of q/g + (-6)/15?
3
Let z be 0/((-2*1)/(-2)). Suppose z*b - 3*b + 60 = 0. What are the prime factors of (b/25)/(4/10)?
2
Let s(u) be the first derivative of -u**2/2 - 2. Let y be s(-8). Suppose 4*v - y*v = -44. List the prime factors of v.
11
Let d be (-55)/22*(-132)/10. Suppose 0 = -v + d + 14. What are the prime factors of v?
47
Let a = 26 - -33. List the prime factors of a.
59
Let m(l) = -l**2 + 13*l - 20. List the prime factors of m(10).
2, 5
Suppose 0*h = 3*h + 144. What are the prime factors of (h/30)/((-2)/5)?
2
Let p(h) = -2*h**3 - 2*h**2 + 2*h. Let k be p(-2). Suppose 5*o = k*z + 20, 0 = 2*o - 3*z - z - 8. List the prime factors of o.
2
List the prime factors of (1/2)/(7/252).
2, 3
Let h = -176 + 269. List the prime factors of h.
3, 31
Suppose -3*j + 28 = j. Let h = j + 1. List the prime factors of h.
2
Let w be (-192)/(-18) + 2/(-3). Suppose 0 = 5*t - 5 - w. Suppose t*m + 3 - 21 = 0. List the prime factors of m.
2, 3
Let m(b) = b**2 + 6. Let w = -3 + -3. Let v be m(w). Let p = v - 30. List the prime factors of p.
2, 3
Suppose 5*l = -3*p + 817, 8*l = 7*l + 4*p + 145. What are the prime factors of l?
7, 23
Let u(l) = 2*l. Let i be u(-1). Let f(m) = 4*m + 2. Let r be f(i). List the prime factors of 22 - (-2)/(r/9).
19
List the prime factors of 414/(-27)*(-6)/4.
23
Let y be (-3)/12 - (-230)/(-8). Let c = -19 - y. What are the prime factors of c?
2, 5
Let f(i) = 9*i - 1. Suppose 4*u = -3*r + 18, -u + 6*u = -4*r + 23. Let c be f(r). Let b = c + 2. List the prime factors of b.
19
Let z = -40 + 99. What are the prime factors of z?
59
Let l = 29 + -17. Let j be (3/6)/(2/l). Suppose 0 = 4*w - 4*y - 35 + 7, j*y = -9. What are the prime factors of w?
2
List the prime factors of (-74)/(1 + -3 + 0).
37
Let x = -1 + 1. List the prime factors of (0 + -1 - x)*-15.
3, 5
Let r = 9 - 5. Suppose -86 = 3*a + r. List the prime factors of 3/(a/4)*-10.
2
Let n(c) = c**2 - c + 2. Suppose 0 = 2*s - 4*i + 12, -s - 5*i + 4*i = -6. What are the prime factors of n(s)?
2
Let r(d) = -d + 5. Let m be r(3). Let q = -78 - -93. Suppose 37 = m*w + q. List the prime factors of w.
11
Suppose 10*p = 5*p + 730. List the prime factors of p.
2, 73
Let g be -2*4/((-8)/(-5)). Let o(r) = -r